455. List the prime factors of s.
3, 79
Suppose -3*g - 137 = -4*g - 4*z, -4*z = -3*g + 363. Let y = -35 - -224. Let m = y - g. What are the prime factors of m?
2
Let c(w) = -w**3 + 14*w**2 + 4*w - 13. Let q = -275 - -285. List the prime factors of c(q).
7, 61
Let n = -4 - -4. Let g(m) = -30*m + 482. Let a be g(15). Suppose -89 = -2*q - 5*c, -q - 5*c + 10 + a = n. List the prime factors of q.
47
Let c = 212 + -217. Let t = c - -706. What are the prime factors of t?
701
Suppose -7*u - y = 51 + 2, u + 20 = 4*y. Let p(f) be the third derivative of f**5/20 - f**4/24 - f**3/3 + 2*f**2. List the prime factors of p(u).
2, 3, 11
Suppose -5*d + t - 1829 = 0, -d + t - 2*t - 367 = 0. Let n = d + 1547. List the prime factors of n.
1181
Let q = 9 + -3. Suppose -18 + 104 = -31*o - 38. List the prime factors of 1011/q - 2/o.
13
Let h be (-3 + 21)*9/((-162)/(-15)). List the prime factors of 3/((-9)/(-84)) + h + -20.
23
Let q = 2760 - -2495. What are the prime factors of q?
5, 1051
Suppose -2*y = -12, -5*y + 11513 - 254383 = -4*z. List the prime factors of z.
5, 7, 347
Suppose 39*n - 18 = -4*p + 37*n, 5*p - 18 = -4*n. Suppose p = -m + 39. What are the prime factors of m?
3, 11
Let g(n) = n**2 + 22*n - 2. Let a = -69 + 73. Let t be (-127)/(-10)*-2 + a/10. List the prime factors of g(t).
73
Suppose -83 = -13*z + 164. Suppose -3*w - 9 = -5*a + 86, 0 = a - w - z. Let f(t) = -t**3 + 21*t**2 - 31*t. List the prime factors of f(a).
7, 19
Suppose -2*j - 1 + 25 = 0. Let k(x) = -46*x + 16*x + j*x + 3*x**2 + 16*x + 2. List the prime factors of k(7).
3, 5
Suppose -2*z = 0, 363 = -12*p + 13*p + 3*z. Suppose 2*n + 497 = 3*x, -2*x - 2*n = 3*n - p. What are the prime factors of x?
13
Let s(r) = -r**3 + 17*r**2 - 11*r + 28. Let z be s(12). Let j = z + -284. What are the prime factors of j?
2, 83
Let o(g) = 70*g**2 - 31*g + 9. What are the prime factors of o(3)?
2, 3, 7, 13
Suppose 3*h - z - 69532 = 0, 45580 = -4*h + z + 138287. What are the prime factors of h?
3, 5, 103
Suppose -18*u + 13491 + 29647 = -140768. List the prime factors of u.
17, 601
Let t be (-15)/(9/(-6) + 0). Let f(d) = -2*d + 24. Let k be f(t). Suppose 4*l + u + k*u - 104 = 0, 0 = -3*l - 3*u + 75. What are the prime factors of l?
3, 7
Suppose 9*t = 4*t - 2*i + 55, -2*t - 3*i = -22. Let d be 46/t - 2*(-2)/(-22). Suppose -3*p - 57 = -4*v, 4*p - 36 = -d*v - 0*p. What are the prime factors of v?
2, 3
Suppose 4*w + 2*c - 40 = 0, -w = -3*w + c + 12. Suppose 225 = -w*n + 13*n. List the prime factors of n.
3, 5
Let k = -204 - -207. Suppose 1368 = 3*b + k*b. What are the prime factors of b?
2, 3, 19
Suppose -4*w - 3*f + 10 = 0, -2*f + 3 = -w - 0*f. List the prime factors of (w - -7)/((-46)/(-897)).
2, 3, 13
Let k(n) = -n**2 + 64*n - 49. Let a(w) = w**2 + 3*w - 1. Let o(v) = 2*a(v) - k(v). What are the prime factors of o(30)?
19, 53
Let l = 15235 + -2363. What are the prime factors of l?
2, 1609
Let d be 1/2*(-14)/((-28)/(-4)). Let j = 6 - d. Suppose j*k - 596 = 41. List the prime factors of k.
7, 13
Let m(z) = -247*z - 2699. What are the prime factors of m(-66)?
61, 223
Let o = -535 + 1173. What are the prime factors of 1 - (12/16 + o/(-8))?
2, 5
Suppose 4658 = -5*a + 3*b, -3*b - 1858 = 2*a + b. Let t = a - -1802. What are the prime factors of t?
13, 67
Let c = -226 + 346. List the prime factors of (-254)/5*c/(-16).
3, 127
Let g(s) = -7*s + 68. Suppose 4*x - 6*h - 68 = -3*h, -3*x - 3*h + 30 = 0. Let q be g(x). List the prime factors of (-3006)/q - (3/(-5))/(-3).
2, 5
Let v(b) = -50*b**3 - 8*b**2 + 2*b + 41. List the prime factors of v(-5).
3, 2027
Let q(n) = -6*n**2 - 24*n + 3. Let x be q(-4). Suppose 0 = 19*g - x*g - 17664. What are the prime factors of g?
2, 3, 23
Suppose 0 = 4*s + 16, 0 = -3*d + 5*s - 3 + 20. List the prime factors of d/(-1)*(154 - 59).
5, 19
List the prime factors of 6911 + (6 + 108/32*-2)*-8.
6917
Suppose 61686 = -20*j - 7*j + 33*j. What are the prime factors of j?
3, 23, 149
Suppose 0*c - 11*c = -33. Suppose 5*d = 3*o + c*d - 1236, -3*d = 9. List the prime factors of o.
2, 5, 41
Let q(x) = -14*x + 4. Let l be 60/4*9/15. Let m be (6/l)/((-5)/45). What are the prime factors of q(m)?
2, 11
Let n(l) = -204*l - 6269. What are the prime factors of n(-71)?
5, 31, 53
Let o be ((-12)/14)/(-3) + (-1159)/(-133). Suppose 0 = -o*s + 4985 + 496. What are the prime factors of s?
3, 7, 29
Let j = 596 + -545. Suppose 48*k = j*k - 2169. What are the prime factors of k?
3, 241
Suppose 2*l = -5*h + 1835, 3*l - 3453 + 691 = 2*h. List the prime factors of l.
2, 5, 23
Let n be (8588/(-6))/2 + (-10)/30. Let v = n + 1031. List the prime factors of v.
3, 5, 7
Suppose -3*t - 2 - 7 = 0. Let r(p) = 17*p + 5. Let x be r(t). Let m = 74 + x. What are the prime factors of m?
2, 7
Let j(f) = 4919*f**2 - 52*f + 108. What are the prime factors of j(2)?
2, 3, 5, 41
What are the prime factors of ((-4)/(-8) - (-6)/(-4))*-8017?
8017
Let n be (-282)/7 - (-2)/7. Let k be 14886/15 - (-14)/(-35). List the prime factors of (k/n)/(6/(-15)).
2, 31
Let p = 14395 + -8976. What are the prime factors of p?
5419
Let k(w) = 1 + 7 + 7 + 3*w + 7. Let o be k(-6). What are the prime factors of (3/6)/1 - (-110)/o?
2, 7
Suppose -4023 + 12645 = 6*l. What are the prime factors of l?
3, 479
Let z = -70 - -154. Let s be (z/9)/(-4)*36. Let p = s - -120. List the prime factors of p.
2, 3
Suppose 0 = -2*i - 3*n + 3827, i - 3*i + 3820 = -4*n. Let p = 2818 - i. List the prime factors of p.
2, 3, 151
Suppose b = -2*l - 3*l - 648, -l + 1274 = -2*b. Let o = b - -923. List the prime factors of o.
3, 5, 19
Let f be 1 - 11308/(-18) - (-34)/(-153). Suppose 6*u - 37 - f = 0. Suppose 18 + u = z. What are the prime factors of z?
3, 43
Suppose -12*j - 144928 = -16*j + 3*t, -3*j + 3*t = -108696. Suppose -31*w + j - 11339 = 0. What are the prime factors of w?
11, 73
Let x(n) = -2*n**2 - 102*n + 97. Let s be 20/(-30)*86*6/8. List the prime factors of x(s).
5, 157
Suppose -44*v + 67320 = -25256. Suppose 3*w + 5*z - 3509 = 0, 2*w - v = z + 244. What are the prime factors of w?
3, 17, 23
Let v = 15974 - 7150. List the prime factors of v.
2, 1103
Suppose -v - 38 = -225. Let w be (-1268)/4*-1 + -3 + 1. Let c = w - v. What are the prime factors of c?
2
Let i(d) = 2*d - 12. Let a be i(3). Let g be (-3 + -5 - -11)*(-4)/a. Suppose z - 6*q - 190 = -2*q, -2*z = g*q - 420. List the prime factors of z.
2, 103
Let n = -181 - -189. Suppose 772 = n*i - 5180. What are the prime factors of i?
2, 3, 31
Let w be (-17)/(((-24)/(-13) + -2)/2). Suppose 0 = 3*z + w - 971. What are the prime factors of z?
2, 5
Let w = -1442 + 2267. Suppose 7*d - 134 = w. What are the prime factors of d?
137
Suppose -8*d - 107 = -35. List the prime factors of (10/(-7))/(d/126).
2, 5
Suppose 3*i + 710 = -838. Let d be (-1)/(2 + i/128 + 2). Suppose k = 5*c - 75, 2*c - 3*k = 11 + d. List the prime factors of c.
2, 7
Let r = -52579 - -92331. List the prime factors of r.
2, 4969
Suppose -j - 2*a + a = -5, 2*j = 4*a + 10. Suppose j*q - 28 - 1922 = 0. List the prime factors of q.
2, 3, 5, 13
Suppose -138320 = -23*o - 2*o + 13805. List the prime factors of o.
5, 1217
Let g be (375/(-20))/15*-12. Suppose g*r - 3670 = 140. List the prime factors of r.
2, 127
Let b = 38 - 34. Suppose 2*w - 826 = -w - j, 4*j - 1112 = -b*w. Suppose 3*c - w = 3*h + 179, 5*c = -3*h + 763. List the prime factors of c.
2, 19
Suppose 4*g - 9535 = 3*j, 11*g + 4*j = -0*j + 26258. What are the prime factors of g?
2, 1193
Let v(x) = -5*x**2 + 67*x - 19. Let m be v(22). What are the prime factors of ((-22)/5 + (-11 - -15))*m?
2, 193
Suppose 159*t - 48*t - 707616 = -51*t. What are the prime factors of t?
2, 3, 7, 13
Suppose 81 = -19*q + 16*q. Let v be (-4)/(-18) + (-4854)/q. Suppose 0*x + v = 3*x. What are the prime factors of x?
2, 3, 5
Suppose 0 = -12*c - 6*c - 216. Let n(z) = 4*z**2 + 7*z + 89. What are the prime factors of n(c)?
7, 83
Suppose -176 = 12*r + 220. Suppose -v = b - 129, -4*b = 5*v - 2*b - 657. Let y = v + r. List the prime factors of y.
2, 5
Suppose 0 = -4*h - v + 11, -2*h - 4*v + 5 = 3. Suppose -h*c - 2 = -4*c. Suppose 6*y - c*y - 300 = 0. List the prime factors of y.
3, 5
Let i(o) = -o**2 + 21*o + 10. Let g be i(-10). Suppose -8*s + 13*s + 850 = 0. Let q = s - g. What are the prime factors of q?
2, 5, 13
Let x = 90 + -187. Let c = 167 -